{"id":2,"date":"2022-09-18T19:35:47","date_gmt":"2022-09-18T19:35:47","guid":{"rendered":"https:\/\/modatrio.com.tr\/?page_id=2"},"modified":"2022-10-13T18:44:11","modified_gmt":"2022-10-13T18:44:11","slug":"sample-page","status":"publish","type":"page","link":"https:\/\/modatrio.com.tr\/?page_id=2","title":{"rendered":"HAKKIMIZDA"},"content":{"rendered":"\n<p>Moda Trio b\u00fcnyesinde bulunan tasar\u0131mc\u0131 kadromuz ile gelinli\u011fin klasik, geleneksel ve modern \u00e7izgilerini en yarat\u0131c\u0131 \u015fekilde sizlere sunmay\u0131 hedefliyor. En \u00f6zel g\u00fcn\u00fcn\u00fczde e\u015fi benzeri olmayan modellerimizle sizlere hizmet vermekten mutluluk duyar\u0131z.<\/p>\n\n\n\n<blockquote class=\"wp-block-quote\"><p>Moda Trio b\u00fcnyesinde bulunan tasar\u0131mc\u0131 kadromuz ile gelinli\u011fin klasik, geleneksel ve modern \u00e7izgilerini en yarat\u0131c\u0131 \u015fekilde sizlere sunmay\u0131 hedefliyor. En \u00f6zel g\u00fcn\u00fcn\u00fczde e\u015fi benzeri olmayan modellerimizle sizlere hizmet vermekten mutluluk duyar\u0131z.<\/p><\/blockquote>\n\n\n\n<p>daha dazla..<\/p>\n\n\n\n<blockquote class=\"wp-block-quote\"><p>Moda Trio b\u00fcnyesinde bulunan tasar\u0131mc\u0131 kadromuz ile gelinli\u011fin klasik, geleneksel ve modern \u00e7izgilerini en yarat\u0131c\u0131 \u015fekilde sizlere sunmay\u0131 hedefliyor. En \u00f6zel g\u00fcn\u00fcn\u00fczde e\u015fi benzeri olmayan modellerimizle sizlere hizmet vermekten mutluluk duyar\u0131z.<\/p><\/blockquote>\n\n\n\n<p>Moda Trio b\u00fcnyesinde bulunan tasar\u0131mc\u0131 kadromuz ile gelinli\u011fin klasik, geleneksel ve modern \u00e7izgilerini en yarat\u0131c\u0131 \u015fekilde sizlere sunmay\u0131 hedefliyor. En \u00f6zel g\u00fcn\u00fcn\u00fczde e\u015fi benzeri olmayan modellerimizle sizlere hizmet vermekten mutluluk duyar\u0131z.<\/p>\n","protected":false},"excerpt":{"rendered":"<p>Moda Trio b\u00fcnyesinde bulunan tasar\u0131mc\u0131 kadromuz ile gelinli\u011fin klasik, geleneksel ve modern \u00e7izgilerini en yarat\u0131c\u0131 \u015fekilde sizlere sunmay\u0131 hedefliyor. En \u00f6zel g\u00fcn\u00fcn\u00fczde e\u015fi benzeri olmayan modellerimizle sizlere hizmet vermekten mutluluk duyar\u0131z. Moda Trio b\u00fcnyesinde bulunan tasar\u0131mc\u0131 kadromuz ile gelinli\u011fin klasik, geleneksel ve modern \u00e7izgilerini en yarat\u0131c\u0131 \u015fekilde sizlere sunmay\u0131 hedefliyor. En \u00f6zel g\u00fcn\u00fcn\u00fczde e\u015fi benzeri olmayan modellerimizle sizlere hizmet vermekten mutluluk duyar\u0131z. daha dazla.. Moda Trio b\u00fcnyesinde bulunan tasar\u0131mc\u0131 kadromuz ile gelinli\u011fin klasik, geleneksel ve modern \u00e7izgilerini en yarat\u0131c\u0131 \u015fekilde sizlere sunmay\u0131 hedefliyor. En \u00f6zel g\u00fcn\u00fcn\u00fczde e\u015fi benzeri olmayan modellerimizle sizlere hizmet vermekten mutluluk duyar\u0131z. Moda Trio b\u00fcnyesinde bulunan tasar\u0131mc\u0131<\/p>\n","protected":false},"author":1,"featured_media":0,"parent":0,"menu_order":0,"comment_status":"closed","ping_status":"open","template":"","meta":[],"_links":{"self":[{"href":"https:\/\/modatrio.com.tr\/index.php?rest_route=\/wp\/v2\/pages\/2"}],"collection":[{"href":"https:\/\/modatrio.com.tr\/index.php?rest_route=\/wp\/v2\/pages"}],"about":[{"href":"https:\/\/modatrio.com.tr\/index.php?rest_route=\/wp\/v2\/types\/page"}],"author":[{"embeddable":true,"href":"https:\/\/modatrio.com.tr\/index.php?rest_route=\/wp\/v2\/users\/1"}],"replies":[{"embeddable":true,"href":"https:\/\/modatrio.com.tr\/index.php?rest_route=%2Fwp%2Fv2%2Fcomments&post=2"}],"version-history":[{"count":5,"href":"https:\/\/modatrio.com.tr\/index.php?rest_route=\/wp\/v2\/pages\/2\/revisions"}],"predecessor-version":[{"id":166,"href":"https:\/\/modatrio.com.tr\/index.php?rest_route=\/wp\/v2\/pages\/2\/revisions\/166"}],"wp:attachment":[{"href":"https:\/\/modatrio.com.tr\/index.php?rest_route=%2Fwp%2Fv2%2Fmedia&parent=2"}],"curies":[{"name":"wp","href":"https:\/\/api.w.org\/{rel}","templated":true}]}}